en 65 is divided by x(c).
21
Let x(c) = -c**3 - 4*c**2 - 4*c + 5. Calculate the remainder when x(-5) is divided by 27.
23
Suppose -4*x = -3*x - 13. Calculate the remainder when x is divided by 15/(((-132)/(-8))/11).
3
Calculate the remainder when 164 is divided by (-2)/(1 + 1) + (62 - 13).
20
Suppose -39*m - 18 = -43*m - 2*i, -m + 12 = -2*i. Let s(c) = -c**3 + 4*c**2 + c + 3. What is the remainder when s(3) is divided by m?
3
Suppose 0 = -a - 4*r - 4, 3 = 2*a - 2*r - 9. Suppose a*g - 8 = 2*t + 2, 2*t = -2*g + 14. Calculate the remainder when 14 is divided by t.
2
Suppose 5*a + 345 + 360 = 0. Let p = -118 - a. Calculate the remainder when p is divided by 13.
10
Let r be (-20)/3*204/(-85). Suppose r*j + 9 = 17*j. What is the remainder when 61 is divided by j?
7
Let u(p) be the first derivative of 9*p**2/2 - 55*p - 41. Calculate the remainder when u(7) is divided by 2.
0
Suppose 10*q + 128 = 8*q. Let o = q + 112. Calculate the remainder when o is divided by 10.
8
Let d be (-11)/(-4) + 3/12. Suppose 6*g - d*g - 168 = 0. Calculate the remainder when g is divided by 10.
6
Let b be 19 + (4 - 0)/2. Let y = 41 - b. Let r = -12 + 69. Calculate the remainder when r is divided by y.
17
Calculate the remainder when ((-162)/12 - -12)*-244 is divided by 37.
33
Suppose -2*j + 20*i + 48 = 21*i, -4*i - 28 = -2*j. Calculate the remainder when 1251 is divided by j.
19
Suppose -2*r = 2, 3*m = -2*r + 161 + 17. Calculate the remainder when 292 is divided by m.
52
Let z(d) = 39*d + 36. What is the remainder when z(2) is divided by 15?
9
Suppose 3*k - 3*q + 76 = -k, k - 5*q + 36 = 0. Let o = k + 19. What is the remainder when o is divided by 3?
0
Let m = 23 + -21. Suppose 2*q - m*c = 12, 0 = -q + c - 6*c. What is the remainder when 6 is divided by q?
1
Suppose 111*y = 103*y + 384. Calculate the remainder when y is divided by 24.
0
Suppose s = -3*o - 6, 4*s = o + 33 + 8. Suppose 4*r - 28 = -5*h + h, -h - 2*r = -s. Calculate the remainder when 8 is divided by h.
3
Suppose -4*d - 5*d = -234. What is the remainder when 124 is divided by d?
20
Suppose 3*t - 11 = -5*q + 2*t, 2*q = -t + 2. Let z(i) = -50*i - 35. What is the remainder when z(-1) is divided by q?
0
Let l(x) = x + 6. Let p be l(-10). Let o be -9 - p*1/2. Calculate the remainder when (-79)/o - (-6)/(-21) is divided by 4.
3
Suppose -10*o - 95 = -15*o. What is the remainder when o is divided by 4 - (-6 + 3/1)?
5
Suppose -5*n = -5*m + 60, 2*m + 2*m - 3*n - 49 = 0. Let h = 19 - m. Suppose 15 = -5*k + h*k. Calculate the remainder when 42 is divided by k.
12
What is the remainder when (-5 - 7)*(46/(-6) + 1) is divided by 28?
24
Suppose -660 = -4*v - 196. Let d = -33 + v. Calculate the remainder when d is divided by 43.
40
Suppose -2*v = 4 - 10. Suppose -3*q - 21 - v = 0. What is the remainder when 62 is divided by (-12)/(3 - (-30)/q)?
14
Suppose -6 = -5*c + k - 1, -5*c - 3*k + 25 = 0. Let o(q) = q**2 + q + 3. Calculate the remainder when 9 is divided by o(c).
0
Let a(i) = i**3 - 4*i**2 - 10. Calculate the remainder when 1778 is divided by a(7).
134
Suppose 0 = -u + 2*s - 4, -2 = u - 0*s - 3*s. Let k = u + 16. What is the remainder when (2 - (-3 + k)) + 97 is divided by 19?
18
Let b(c) = -c**3 - c**2 + 10*c - 15. Let q be b(5). Let g = 145 + q. Calculate the remainder when 147 is divided by g.
27
Let x = -195 - -344. Suppose 6*o = x + 1. Let i(u) = -98*u - 1. What is the remainder when i(-1) is divided by o?
22
Let p(c) = -3*c + 36. Let r be p(15). Let t(w) = 2*w + 55. Suppose -o + 18 + 2 = 0. Calculate the remainder when t(r) is divided by o.
17
Let v = 31 - 94. Let x = v + 82. What is the remainder when 109 is divided by x?
14
Let j(w) = 41*w**2 + 1. Suppose 7 = -2*r + 5. Calculate the remainder when j(r) is divided by 12.
6
Let c(r) = -9*r - 178. What is the remainder when 97 is divided by c(-21)?
9
Let a(l) = -59*l + 14. Let m be a(-7). Suppose -4*t + 493 = -f - 74, -3*t - f = -m. Suppose -216 = -3*s - 3*s. What is the remainder when t is divided by s?
34
Let s = -12200 + 12217. What is the remainder when ((-1)/2)/(1/(-66)) is divided by s?
16
Let r(v) = -6 + 30*v - 10*v + 35 + 2*v**2. Let d(o) = -11*o - 122. Let k be d(-10). What is the remainder when r(k) is divided by 39?
38
Suppose -4827*x + 4834*x = 1981. Calculate the remainder when x is divided by 22.
19
Suppose -5*d + 5*d = d. Let j(n) = 2*n + 45. Calculate the remainder when j(d) is divided by 23.
22
Let u = -584 + 725. What is the remainder when u is divided by 6?
3
What is the remainder when (1/3)/(91/67431) is divided by 3?
1
Suppose -44*f + 360 = -14*f. What is the remainder when 248 is divided by f?
8
Let r(g) = -g**3 - 7*g**2 - 7*g + 7. Let b = -4 - 2. Calculate the remainder when (-76)/190 - (1122/15)/(-2) is divided by r(b).
11
Suppose 4*f + 12 = 24. Let a(u) = 1 + u**3 + 2*u - 3*u**3 + 2*u - 2*u**2 + 3*u**f. What is the remainder when 42 is divided by a(3)?
20
Let h = 65 - 61. Suppose -f - f = h*q - 182, 5*f = q - 29. What is the remainder when q is divided by 23?
21
Let t = -90 + 117. What is the remainder when 94 is divided by t?
13
Let g(u) = -u**3 + 7*u**2 + 32*u + 11. Let s(t) = t**3 + 2*t - 1. Calculate the remainder when g(10) is divided by s(2).
9
Let z = 80 - 54. Suppose 5*n + z = 96. Calculate the remainder when 55 is divided by n.
13
Let l(n) = n + 1. Suppose -s + g = s - 19, -4*g = -3*s + 16. What is the remainder when s is divided by l(7)?
4
Suppose 1598 = 9*m + 85*m. What is the remainder when 573 is divided by m?
12
Suppose -3*p = -0*p - 15. What is the remainder when 44/(-176)*(-131 - 1) is divided by p?
3
Suppose -3 = h + 2*o - 0, -2*o - 18 = -4*h. Suppose 12*r = 10*r - 26. Calculate the remainder when (r/h)/((-8)/24) is divided by 8.
5
Let r(y) = y**2 - 14*y + 10. Let g be r(18). Suppose g - 2 = 4*a. Calculate the remainder when 71 is divided by a.
11
Let d(j) = -2*j**2 - 27*j + 18. Calculate the remainder when d(-10) is divided by 26.
10
Let m = -144 - -149. Suppose -m*x + 4*f = -99, -4*f + 2 = -14. What is the remainder when 81 is divided by x?
12
Let l = -29 - -41. What is the remainder when 68 is divided by (50/(-8))/((-3)/l*1)?
18
Suppose 0 = 3817*g - 3803*g - 1988. Calculate the remainder when g is divided by (-3)/(2 - 50/24).
34
Let y(c) = -13*c - 6. Let z be y(-6). Let w = -52 + z. Calculate the remainder when w is divided by 12.
8
Let t = -450 + 601. What is the remainder when t is divided by 7?
4
Suppose 82 = q + q. Calculate the remainder when 108 is divided by q.
26
Let b(l) = l + 20. Let x be b(-6). What is the remainder when 19 is divided by x + (0 - 2)*1?
7
Suppose -2*n - n = -21. Let r(c) = -c**2 - 19*c - 19. Calculate the remainder when r(-15) is divided by n.
6
Let q be (-84)/9*(0 + -1)*3. Suppose -2*v = h - q, -127 + 41 = -4*h + 5*v. Calculate the remainder when 71 is divided by h.
23
Suppose -9 = -3*l, l = -h + 3*h - 3. Suppose 4*p - 33 + h = -2*c, 0 = -4*c + 5*p + 21. Suppose 6*u = c*u - 27. What is the remainder when u is divided by 3?
0
Let u = 1140 + -753. What is the remainder when u is divided by 15?
12
Suppose -r = -3*b + 11 + 3, 2*b - 4*r - 16 = 0. What is the remainder when 175 is divided by b?
3
Suppose -129 = -u - 2*a + 160, 4*u - 4*a = 1120. Calculate the remainder when u is divided by 49.
38
Let x(k) = -25*k - 11. What is the remainder when 108 is divided by x(-1)?
10
Suppose 3*a = 2*g + 92, 5*g + 0*g = -2*a + 93. Let r be 2/3 - (-416)/(-48). Let s(y) = -y**2 - 11*y - 15. Calculate the remainder when a is divided by s(r).
7
Suppose 5*y - 3*r - 128 - 59 = 0, 149 = 4*y - 3*r. Let t(j) = -3*j**3 + 35*j**2 + 18*j - 62. What is the remainder when y is divided by t(12)?
8
Let o = 2333 + -2243. Calculate the remainder when 269 is divided by o.
89
Suppose 2*i - 54 = 78. Suppose v = 5*j - i, 5*j - 58 = 5*v - 2*v. Calculate the remainder when 25 is divided by j.
11
Let u = 54 - 49. Suppose -u*f - 6 = -16. What is the remainder when 4 is divided by f?
0
Let h(o) = 2*o**2 - 31*o - 49. Let z be h(17). Let g = -19 + 31. Let f = z + g. What is the remainder when f is divided by 5?
4
Suppose 4*q + 12 = 2*i, 11*i - q = 10*i + 1. Let j(k) = -k - 9*k + 1 + 2*k. Calculate the remainder when j(i) is divided by 12.
9
Let a = 71 + -68. Let t = -14 - -27. What is the remainder when t is divided by 4 + a + (-2 - 1)?
